base 10, what is 19 + 23?
42
In base 2, what is -100011 + 110011101?
101111010
In base 15, what is -b44 - 11?
-b55
In base 12, what is 3 + 17?
1a
In base 9, what is -7 - -23?
15
In base 14, what is 20 + -d?
11
In base 13, what is 1b + 142?
160
In base 3, what is 11000 + -2?
10221
In base 2, what is -1011010 - -10?
-1011000
In base 14, what is -21b0 + -2?
-21b2
In base 15, what is -6 + -31?
-37
In base 8, what is 6 + 24?
32
In base 8, what is -62 - -20?
-42
In base 3, what is 12 - -22120?
22202
In base 16, what is fc4 + 3?
fc7
In base 14, what is 17 + -c3?
-aa
In base 7, what is 45 - -266?
344
In base 4, what is 23003 - 1?
23002
In base 5, what is -400231 + 2?
-400224
In base 11, what is -344 + 8?
-337
In base 6, what is 2 + -2444?
-2442
In base 3, what is -102 + -12?
-121
In base 5, what is -2 + -2011?
-2013
In base 7, what is -5 + -3462?
-3500
In base 12, what is 9 - -5?
12
In base 14, what is 4 + 14aa?
14b0
In base 7, what is -25 + -42?
-100
In base 9, what is 4 - 85?
-81
In base 6, what is 1102 + 5?
1111
In base 12, what is 6 - -18?
22
In base 10, what is -1 + 20?
19
In base 12, what is -3 - -2?
-1
In base 6, what is 5 + -21?
-12
In base 10, what is -2 - 5?
-7
In base 8, what is 16 - -1472?
1510
In base 12, what is 242 + -10?
232
In base 15, what is 4 - -96?
9a
In base 2, what is 101100 + 10001110?
10111010
In base 12, what is 15 + -201?
-1a8
In base 13, what is -4 - -21?
1a
In base 10, what is -2 + -30?
-32
In base 6, what is 1020 - 24?
552
In base 16, what is 1 + 199?
19a
In base 13, what is 747 - -1?
748
In base 2, what is 111100110 - 1?
111100101
In base 13, what is 9 - -8?
14
In base 3, what is -120 + 102021?
101201
In base 2, what is -1011000101 - 101?
-1011001010
In base 4, what is 1 + -20?
-13
In base 12, what is 3 + -32?
-2b
In base 13, what is 236 - a?
229
In base 11, what is -2 + 24?
22
In base 13, what is 21 + -5?
19
In base 14, what is -280 + -5?
-285
In base 15, what is 3 - -355?
358
In base 10, what is -9 + -452?
-461
In base 4, what is 1301 + -1?
1300
In base 16, what is -6 + -200?
-206
In base 15, what is -3 - 35?
-38
In base 11, what is 33 - -1a9?
231
In base 16, what is -3f8 - 2?
-3fa
In base 2, what is 101111 - -100000000?
100101111
In base 15, what is -3 + -72?
-75
In base 6, what is 3112 - 2?
3110
In base 15, what is -5 + -662?
-667
In base 3, what is -120 + 122?
2
In base 7, what is 31 - -141?
202
In base 10, what is -214 - 0?
-214
In base 4, what is -1230021 + 1?
-1230020
In base 13, what is -1a3b - -5?
-1a36
In base 11, what is -34 - -4?
-30
In base 9, what is 174 + 3?
177
In base 9, what is -3 + 250?
246
In base 2, what is -10010 + -11?
-10101
In base 6, what is 341 + 0?
341
In base 11, what is 20 - -8?
28
In base 9, what is 3 + -52?
-48
In base 3, what is 122 - -20002?
20201
In base 5, what is 324111 + 2?
324113
In base 11, what is 163 - 2?
161
In base 2, what is -10 - -11101110001?
11101101111
In base 5, what is -3 - 33?
-41
In base 9, what is -228 + 4?
-224
In base 16, what is 4 + ab5?
ab9
In base 11, what is 1936 - 2?
1934
In base 12, what is -6550 - 1?
-6551
In base 8, what is -3245 + -2?
-3247
In base 3, what is 1011220 + 11?
1012001
In base 13, what is 3b2 + 3?
3b5
In base 10, what is -259 + 0?
-259
In base 8, what is -14002 - 1?
-14003
In base 14, what is 19 - -d4?
10d
In base 11, what is -2 - 108?
-10a
In base 5, what is -2311 + 1?
-2310
In base 12, what is -947 - 1?
-948
In base 5, what is -202 - 22?
-224
In base 8, what is -6 - 754?
-762
In base 12, what is 2 - 141?
-13b
In base 10, what is -5 - -4318?
4313
In base 8, what is -62 - 4?
-66
In base 5, what is -402 - 1?
-403
In base 15, what is 1d + b?
29
In base 7, what is 1 - -21234?
21235
In base 15, what is 1 + 21?
22
In base 13, what is 19 + -21?
-5
In base 2, what is -100000101 + -1001?
-100001110
In base 6, what is -123 + -100?
-223
In base 2, what is -1 + 1110000111?
1110000110
In base 8, what is -1 - 1317?
-1320
In base 6, what is -24551 - 5?
-25000
In base 11, what is -5 + 1337?
1332
In base 11, what is 13 - -17?
2a
In base 10, what is 8 - 43?
-35
In base 8, what is -112 - 4?
-116
In base 14, what is 2a87 - -5?
2a8c
In base 14, what is 43a - -5?
441
In base 8, what is 1144 - -4?
1150
In base 14, what is 1 - 54a?
-549
In base 12, what is -215 + 3?
-212
In base 11, what is 600 + -3?
5a8
In base 6, what is 4 - -20104?
20112
In base 14, what is -5 + 18?
13
In base 3, what is 222 + 10?
1002
In base 13, what is -23 + 61?
3b
In base 14, what is -3 - 5c?
-61
In base 15, what is -127e - 1?
-1280
In base 6, what is 30 + 35?
105
In base 2, what is -10000 + -11011?
-101011
In base 8, what is -4001 - -1?
-4000
In base 16, what is 72 - -1?
73
In base 15, what is -5 - 7e?
-84
In base 3, what is -2200112 + 2?
-2200110
In base 16, what is 4a + 1?
4b
In base 16, what is 1 - -20f?
210
In base 12, what is -a + 53?
45
In base 7, what is -24336 - 2?
-24341
In base 4, what is -1200 - 23?
-1223
In base 10, what is 511 - 22?
489
In base 11, what is 247 - -1?
248
In base 11, what is 2 - 30?
-29
In base 6, what is 5 - 132?
-123
In base 11, what is -9648 - 5?
-9652
In base 16, what is 0 + -89?
-89
In base 12, what is -1a6 + -5?
-1ab
In base 8, what is 5 - -133?
140
In base 3, what is -11 - -201?
120
In base 9, what is 38 - 377?
-338
In base 2, what is 1 + 1000111101?
1000111110
In base 10, what is -28 - 1?
-29
In base 6, what is -40 - -4?
-32
In base 12, what is 1 + -21?
-20
In base 13, what is 3 + -407?
-404
In base 2, what is 100 + -110?
-10
In base 8, what is -2125 + 3?
-2122
In base 4, what is 1 - 212322?
-212321
In base 4, what is 0 - 1200?
-1200
In base 8, what is -4 + 2116?
2112
In base 3, what is -1212 + 100?
-1112
In base 8, what is 122 - 4?
116
In base 15, what is 15 + 5?
1a
In base 7, what is 14363 + 6?
14402
In base 5, what is -201 - 1014?
-1220
In base 10, what is 15 - 16?
-1
In base 10, what is 10627 + 0?
10627
In base 13, what is -2 + -c?
-11
In base 9, what is 0 - -57?
57
In base 13, what is 26 - -143?
169
In base 4, what is -321 - -102?
-213
In base 12, what is 9 - 389?
-380
In base 5, what is 111 - 10?
101
In base 13, what is -650 - 2?
-652
In base 3, what is 1210222 + 11?
1211010
In base 15, what is ca5 - -2?
ca7
In base 3, what is 10 - 2100?
-2020
In base 10, what is -50 + -185?
-235
In base 3, what is 20 + 1221?
2011
In base 14, what is -137 + 1?
-136
In base 14, what is -1 + -277?
-278
In base 4, what is 22 + 2033?
2121
In base 14, what is -aa0 - -2?
-a9c
In base 16, what is f3 - -19?
10c
In base 15, what is -5a - -3?
-57
In base 13, what is cb - -1?
cc
In base 2, what is -1011011 + 10?
-1011001
In base 15, what is 9 + -16?
-c
In base 2, what is 1 + 101101010?
101101011
In base 14, what is -3 - -308b?
3088
In base 4, what is -1111102 + -3?
-1111111
In base 4, what is 1320 - 103?
1211
In base 10, what is 11 + 142?
153
In base 5, what is -31233 + -10?
-31243
In base 15, what is -2 + 182?
180
In base 4, what is 10120 - -1?
10121
In base 8, what is 54 - -4?
60
In base 11, what is -26 + -93?
-109
In base 12, what is 32 - 39?
-7
In base 4, what is -31310 + -2?
-31312
In base 13, what is -113 - -20?
-c3
In base 14, what is 442 - 0?
442
In base 7, what is 433 + 2?
435
In base 13, what is -2 - 2c9?
-2cb
In base 9, what is -1137 + -3?
-1141
In base 6, what is 134 + 1?
135
In base 6, what is 12042 + -2?
12040
In base 13, what is -6 - -2b?
25
In base 7, what is -5 + 121?
113
In base 3, what is -2202 + 11?
-2121
In base 12, what is 9 + -655?
-648
In base 10, what is 8 + 275?
283
In base 6, what is -40 + 4?
-32
In base 15, what is -2 - 1c?
-1e
In base 5, what is 22 + -10231?
-10204
In base 7, what is 34222 - -3?
34225
In base 10, what is -2 - -178?
176
In base 13, what is a3 + -12?
91
In base 16, what is a1f - -5?
a24
In base 3, what is -100211 - -2?
-100202
In base 12, what is 1a + 7?
25
In base 14, what is 955 - 2?
953
In base 12, what is -4a39 - -2?
-4a37
In base 13, what is -1 - 641?
-642
In base 3, what is 12 - 112220?
-112201
In base 8, what is -5 - 5042?
-5047
In base 4, what is 210 - 1?
203
In base 14, what is -21 + 6?
-19
In base 9, what is 1 + 102?
103
In base 4, what is 1 + 10?
11
In base 8, what is 27 - 1127?
-1100
In base 8, what is 4577 - -2?
4601
In base 14, what is 3a - -7?
43
In base 2, what is 110110000110 + -11?
110110000011
In base 3, what is